rivative of -j**4/4 - 4*j**3/3 + 2*j**2 - 3*j - 3. What is s(n)?
2
Let n(b) = 2*b**2 - 7*b - 1. Let g = -24 + 29. What is n(g)?
14
Suppose -29 + 4 = -4*o + 3*g, 3*g = -3*o + 24. Let q(a) be the third derivative of a**6/120 - a**5/10 - a**4/4 - a**3/3 + 2*a**2. Determine q(o).
5
Let p(t) = 17 + 4*t**2 + 13 - 33 - t**3 + 6*t. Calculate p(5).
2
Let h be ((-2)/5)/(3/(-30)). Let r(y) be the second derivative of y**4/12 - y**3/2 + y. Calculate r(h).
4
Let c(k) = 6*k**3 + k**2 - 2*k + 1. Let u = 37 - 36. What is c(u)?
6
Let m(r) = -r - 1. Let t be m(-3). Let q(d) = 3*d. Suppose 5 = -3*v - 4. Let i(u) = 4*u. Let y(b) = v*q(b) + 2*i(b). What is y(t)?
-2
Let f(w) = -w**3 + 9*w**2 + w - 12. Suppose 2*c = -8*c + 90. What is f(c)?
-3
Suppose -7*x = -2*x - 15. Let p(i) = 2*i + 1. Calculate p(x).
7
Let j(n) = 9 + n - 11 - 3*n - 4*n. Determine j(1).
-8
Let n(s) be the first derivative of -3*s**2/2 - s + 5. Determine n(3).
-10
Let y(a) = -2*a**2 + 3*a + 2. Suppose -6 = 2*v - 2. Calculate y(v).
-12
Let p(s) be the second derivative of -9/2*s**2 - 1/12*s**4 + 0 - 1/6*s**3 - 5*s. Give p(0).
-9
Let y(w) = -w**3 - 3*w**2 + 4*w + 4. Let q(l) = -l**3 - 5*l**2 + 5*l - 2. Let f be q(-6). Suppose -m = -f*m - 12. Determine y(m).
4
Let g(o) = o + 1 + 2 + 2. Suppose -3*k + 2 = -5*k. Let j = -1 - k. Determine g(j).
5
Let f(o) be the third derivative of o**6/120 - o**5/10 - o**4/12 + 4*o**3/3 - 5*o**2. Calculate f(6).
-4
Let l = 12 - 18. Let g(d) be the second derivative of -d**5/20 - 7*d**4/12 - 5*d**3/6 + d**2 + 13*d. Calculate g(l).
-4
Suppose 0*k = -3*k + 6. Let h(b) = b. Let s be h(k). Let c(r) = -4*r**2 - 3 - 3*r - 3*r**s + r**3 + 10*r. Give c(6).
3
Let f(h) be the second derivative of -h**3/2 - h**2 + h. Suppose 4*i + 4*x + 4 = 5*x, -14 = -3*i + 5*x. Determine f(i).
4
Suppose 5*r + 11 - 31 = 2*c, -3*c = -r + 17. Let n(z) be the third derivative of 1/30*z**5 - 1/12*z**4 - 1/6*z**3 + z**2 + 0*z + 0. What is n(r)?
3
Let n(s) = 2*s**3 - s + 2. Let l(w) = w**2 - 17*w + 2. Let z be l(17). What is n(z)?
16
Suppose -7*r = -2*r + 5*o - 30, 4*o = -2*r + 18. Let g(d) = 8*d - 4. Determine g(r).
20
Let l(q) be the third derivative of q**4/8 + q**3/2 + 5*q**2. Let r be 0 - 4*-1 - 2. Suppose 5*u - r*u + 6 = 0. Give l(u).
-3
Suppose 3*d + 11 = 2*r + 3, -4*r + 16 = 3*d. Let h be (4/(-6))/(r/(-18)). Let v(g) = -2 - 6*g**2 - 5*g**3 + h + 4*g**2. Calculate v(1).
-6
Suppose -3*m + 21 = -c + 4, -2*c - 14 = -2*m. Let v(p) = 4*p + 2. Calculate v(c).
-6
Let f(z) = 4 + z - 3 + 1. Let r be 32/(-18) + 12/(-54). Calculate f(r).
0
Let t(s) = s - 2. Let x = -6 + 4. Let u = -4 - 5. Let a be 29/(-9) + x/u. Give t(a).
-5
Let v(t) = -t**2 + 3*t - 3. Suppose -2*z - c = -3 - 5, -z - 5*c + 4 = 0. Determine v(z).
-7
Let n be (-1 - -2)/(1/(-2)). Let r be n/(-10) + 42/(-35). Let m be (0 - 1)*(0 - r). Let k(i) = 4*i**3 - i**2 - 2*i - 1. Calculate k(m).
-4
Let q = 18 + -13. Let i(a) = -5 + 3 + q*a - 4*a - 2*a. Give i(5).
-7
Let j(t) = t**2 + 3*t - 3. Let p(y) = 3*y**2 + 8*y - 9. Let x(z) = -17*j(z) + 6*p(z). What is x(-2)?
7
Let b(t) = 3*t - 6. Let r(y) = y**3 + 9*y**2 + 8*y + 1. Let k be r(-8). Let c be 8 - (k + -5)/(-2). Determine b(c).
12
Let z(h) = 3*h - 6. Let r be z(3). Suppose -3*b = r*b + 36. Let j(t) = -t - 1. Determine j(b).
5
Let a(m) = m**2 + m - 1. Let w(q) = q**3 - 8*q**2 - 6*q + 9. Let o(d) = -5*a(d) - w(d). Give o(3).
-1
Let n(f) = -2 - 124*f + 246*f - 128*f. Determine n(3).
-20
Let i(j) = 2*j. Let r(m) = m**3 - 3*m**2 - 4*m + 2. Let g be r(4). Let u be i(g). Let a(w) = -4*w**2 - w**3 + u + 2 - w**2 + w. What is a(-5)?
1
Let u be -6*((-8)/(-3))/(-4). Let k(g) = 1 + 0 + 1 + g + u*g. What is k(-3)?
-13
Let n(k) = 7*k**2 - k - 9. Let l(j) = -11*j**2 + j + 14. Let h(f) = 5*l(f) + 8*n(f). Let u = -4 + 6. Give h(u).
-4
Let o(d) = -1 - 2*d**3 + 3*d**3 - 7*d**2 + 4*d - 2*d**3 + 0. Let t(l) = l**3 + l**2 - l. Let c(y) = o(y) + 2*t(y). Give c(5).
9
Let j(t) = -3*t - 4. Let l(g) = g. Let v(i) = -j(i) - 2*l(i). Give v(-4).
0
Let t(g) = g**3 + 8*g**2 - 4. Let r be t(-8). Let z(p) = 0*p**2 + 2*p**2 + 4*p + p. Determine z(r).
12
Let z(s) = s - 9. Let j = -33 + 38. What is z(j)?
-4
Suppose -o = t + 2*t + 11, 3*t + 9 = 0. Let n be (-22)/(-4) + o/4. Let a(l) = 4*l - 2*l + n - 4. What is a(3)?
7
Let x = -44 + 2641/60. Let b(h) be the third derivative of 0*h**4 - 3*h**2 + 0*h + x*h**5 + 0 + 0*h**3. Give b(-1).
1
Let b(y) = 5*y**2 - 10*y + 3. Let g(k) = 4*k**2 - 9*k + 2. Let u(v) = 3*b(v) - 4*g(v). Suppose 0 = q - 1 - 5. Determine u(q).
1
Let x(f) = 4*f. Let q = 4 - 6. Let b be 26/6 + q/6. Suppose -7 = -b*n + 1. Give x(n).
8
Let r(n) = 2*n - 3*n - 429 + 426. Calculate r(10).
-13
Suppose 0 = -4*w - 18 + 34. Let l(h) = -h**2 + 6*h. Determine l(w).
8
Let z(u) = -11*u - 2 + u**2 - 3 - 3 + 4*u. Calculate z(8).
0
Let p(y) = 2*y**2 - 2. Suppose -11*b + 10 = -6*b. Give p(b).
6
Let b(h) be the second derivative of -2*h**3/3 + 2*h. What is b(-1)?
4
Let r(c) = -11*c**2 + 1. Suppose 17*a - 2 = 19*a. Give r(a).
-10
Let z(x) be the second derivative of 7/20*x**5 + x + 1/2*x**2 + 1/12*x**4 + 0 + 1/3*x**3. Determine z(-1).
-7
Let b(w) = -w**2 - w - 1. Let o(y) = 6*y**2 + 6*y + 4. Let p(v) = 11*b(v) + 2*o(v). Determine p(3).
9
Let y(k) = 2 - 3*k + 2*k**3 + 0*k**3 - 3*k**2 - 3*k**3 - 3*k**2. Determine y(-5).
-8
Let h(w) be the first derivative of -3*w**2/2 + w - 4. Suppose u = 2*g + 7, 4 + 13 = 3*u - 5*g. What is h(u)?
4
Let c be (0/((-2)/(-1)))/2. Suppose -3*o - 12 = -s, c*s + 2*s = 5*o + 20. Let n(k) = 6 - 1 + 4*k - 2*k + 1. Determine n(o).
-2
Let q be 2*(28/(-8))/1. Let w(l) = -l - 10. Determine w(q).
-3
Let u be (-2)/13 + 111/(-39). Let y(p) = 7*p. Let t(b) = -6*b + 1. Let v(f) = u*y(f) - 4*t(f). Determine v(3).
5
Let v(t) = -2*t**2 - 2*t**2 + 4*t**3 + 6*t**2 - t. Suppose 0 = -x + 3 + 1. Suppose -x = -p - 3. Calculate v(p).
5
Let r(b) be the second derivative of b**3/6 - 7*b**2/2 - 41*b. What is r(0)?
-7
Let r(t) be the second derivative of 3*t**4/4 - t**2/2 + 4*t. Calculate r(1).
8
Let x(b) = -8*b - 7. Let v(c) = 2*c + 2. Let d(m) = -9*v(m) - 2*x(m). Let r = 96 + -92. Calculate d(r).
-12
Suppose -3*v + 2*i + 6 = 2*v, 6 = -2*v + 5*i. Let m be 1*(2 - 4/v). Let f(a) = a**2 - 4. Determine f(m).
-4
Suppose -2*t + 2*r + 2 = 0, -4*r - 1 + 15 = 5*t. Let c(g) = -3*g + 1. Determine c(t).
-5
Let a(b) = 9*b**3 - b**2 - 2*b - 1. Let f = 13 - 14. Calculate a(f).
-9
Let y(v) = -2*v**2 - 17*v + 11. Let q be y(-9). Let b(m) be the second derivative of 2*m**q + 0 + 1/6*m**3 - m. Calculate b(0).
4
Let y(b) be the third derivative of b**8/20160 - b**7/5040 + b**6/720 + b**5/20 + 5*b**2. Let w(g) be the third derivative of y(g). Calculate w(1).
1
Let g(a) = a. Suppose -8*o + 3*o - 60 = 0. Let r be 15/(-20) + 3/o. Give g(r).
-1
Let f(w) = -w + 7. Let d(y) = -2*y + 15. Let x(l) = 6*d(l) - 13*f(l). Calculate x(0).
-1
Let j be 3/1 - (1 + -2). Suppose -2*g = -0 - j. Let k(p) = -3*p - 1. Give k(g).
-7
Let w(t) be the first derivative of -2*t**3/3 + 3*t**2 - 4. Give w(4).
-8
Let w(k) = -2*k - 1. Let c(j) = -2*j - 5. Let f be c(0). Let i be (-3)/2*2/(-3). Let u = f + i. Give w(u).
7
Let s(k) be the third derivative of 1/120*k**5 + 1/144*k**6 - 1/24*k**4 + 0*k + 0*k**3 + 0 - k**2. Let o(v) be the second derivative of s(v). Give o(-2).
-9
Let y(h) = 12*h**2 - 1. Suppose 1 - 5 = -4*r. Give y(r).
11
Let y = -51 + 54. Let l(w) be the second derivative of 3*w + 1/4*w**4 - 2*w**2 + 0 + 1/2*w**y - 1/20*w**5. Give l(3).
5
Let p(h) = -3*h - 44*h**2 + 45*h**2 - h - h. Calculate p(5).
0
Suppose 4*m - 4*a + 7 = -m, -10 = -m - 3*a. Let n = m + 0. Let k(o) = -6*o**2 + 6954 - 6955 + 2*o + 0*o. Give k(n).
-5
Let g be (-8)/2 - (-7 - -3). Let y(d) = 0*d**2 - d**3 + 0*d**2. Calculate y(g).
0
Let x(d) = -d**2 - d + 2. Let c(s) be the first derivative of -s**3 - 3*s**2/2 + 6*s + 6. Let v(u) = 2*c(u) - 7*x(u). Determine v(0).
-2
Let l(a) = a - 8. Let x be l(13). Let y(m) = -m**3 + 6*m**2 - 2*m - 6. Give y(x).
9
Let u be 12/(-18)*(-6)/4. Let y(x) = x - 1. Determine y(u).
0
Let f(u) be the third derivative of -u**5/30 - u**4/4 - 16*u**2. Determine f(-4).
-8
Let s(r) = -8*r**3 - 3*r**2 + 6*r + 9. Let f(c) = -7*c**3 - 3*c**2 + 5*c + 8. Let o(x) = 7*f(x) - 6*s(x). Determine o(-3).
5
Let h(v) be the first derivative of -7*v**3/3 - v**2 - v + 1. Let c = -17 + 16. Determine h(c).
-